hen 12117 is divided by 319?
314
Calculate the remainder when 29322 is divided by 52.
46
Calculate the remainder when 384124 is divided by 32.
28
Calculate the remainder when 5045 is divided by 21.
5
What is the remainder when 791207 is divided by 74?
73
What is the remainder when 9873 is divided by 2442?
105
Calculate the remainder when 239583 is divided by 41.
20
Calculate the remainder when 7440350 is divided by 501.
500
Calculate the remainder when 51848 is divided by 170.
168
What is the remainder when 6055 is divided by 782?
581
Calculate the remainder when 9349 is divided by 30.
19
What is the remainder when 186019 is divided by 46502?
11
What is the remainder when 4456 is divided by 99?
1
What is the remainder when 185167 is divided by 41?
11
What is the remainder when 46839 is divided by 7800?
39
Calculate the remainder when 42016 is divided by 1136.
1120
Calculate the remainder when 52411 is divided by 73.
70
What is the remainder when 24410 is divided by 4880?
10
What is the remainder when 14665 is divided by 3626?
161
What is the remainder when 5743 is divided by 90?
73
What is the remainder when 5571 is divided by 372?
363
Calculate the remainder when 13189 is divided by 786.
613
What is the remainder when 666537 is divided by 420?
417
What is the remainder when 5500 is divided by 1817?
49
Calculate the remainder when 72390 is divided by 1131.
6
Calculate the remainder when 16690330 is divided by 12.
10
Calculate the remainder when 12637 is divided by 420.
37
What is the remainder when 34317 is divided by 36?
9
Calculate the remainder when 1782 is divided by 6.
0
Calculate the remainder when 152553 is divided by 373.
369
What is the remainder when 121506 is divided by 38?
20
What is the remainder when 64652 is divided by 17?
1
What is the remainder when 1953764 is divided by 641?
637
What is the remainder when 2063 is divided by 223?
56
What is the remainder when 124399 is divided by 5407?
38
Calculate the remainder when 4778 is divided by 140.
18
What is the remainder when 143190 is divided by 283?
275
Calculate the remainder when 336323 is divided by 337.
334
What is the remainder when 3548 is divided by 126?
20
What is the remainder when 5009 is divided by 1094?
633
Calculate the remainder when 311685 is divided by 37.
34
Calculate the remainder when 7795 is divided by 1659.
1159
What is the remainder when 29435 is divided by 978?
95
Calculate the remainder when 32630 is divided by 28.
10
Calculate the remainder when 1551 is divided by 774.
3
What is the remainder when 997 is divided by 15?
7
What is the remainder when 1500 is divided by 93?
12
What is the remainder when 14777 is divided by 2462?
5
Calculate the remainder when 285599 is divided by 160.
159
Calculate the remainder when 9545 is divided by 1357.
46
What is the remainder when 3724 is divided by 218?
18
Calculate the remainder when 64073 is divided by 25.
23
What is the remainder when 11978 is divided by 300?
278
What is the remainder when 20716 is divided by 710?
126
Calculate the remainder when 44187 is divided by 146.
95
What is the remainder when 26313 is divided by 121?
56
Calculate the remainder when 32646 is divided by 2898.
768
Calculate the remainder when 75156 is divided by 404.
12
What is the remainder when 137017 is divided by 137012?
5
Calculate the remainder when 3007 is divided by 1215.
577
What is the remainder when 3816 is divided by 135?
36
Calculate the remainder when 67599 is divided by 114.
111
What is the remainder when 41584 is divided by 630?
4
What is the remainder when 17235 is divided by 17?
14
What is the remainder when 18090 is divided by 8712?
666
What is the remainder when 5873 is divided by 137?
119
What is the remainder when 3037 is divided by 113?
99
Calculate the remainder when 1640 is divided by 606.
428
Calculate the remainder when 88664 is divided by 24.
8
Calculate the remainder when 9440 is divided by 133.
130
What is the remainder when 21424 is divided by 10683?
58
Calculate the remainder when 57799 is divided by 3611.
23
What is the remainder when 12901 is divided by 86?
1
What is the remainder when 580326 is divided by 145068?
54
Calculate the remainder when 239348 is divided by 12.
8
What is the remainder when 29059 is divided by 269?
7
Calculate the remainder when 15806 is divided by 1972.
30
Calculate the remainder when 29282 is divided by 290.
282
Calculate the remainder when 23824 is divided by 353.
173
What is the remainder when 13004 is divided by 3234?
68
What is the remainder when 935 is divided by 106?
87
Calculate the remainder when 493693 is divided by 464.
461
Calculate the remainder when 5274 is divided by 1523.
705
Calculate the remainder when 8583 is divided by 305.
43
Calculate the remainder when 8487 is divided by 94.
27
What is the remainder when 6453 is divided by 1602?
45
What is the remainder when 27884 is divided by 71?
52
Calculate the remainder when 7655 is divided by 197.
169
What is the remainder when 1076919 is divided by 33?
30
Calculate the remainder when 58036 is divided by 3623.
68
What is the remainder when 13235 is divided by 31?
29
Calculate the remainder when 3227 is divided by 502.
215
Calculate the remainder when 26321 is divided by 114.
101
Calculate the remainder when 10779 is divided by 1534.
41
Calculate the remainder when 17744 is divided by 8866.
12
What is the remainder when 671217 is divided by 10018?
11
What is the remainder when 44302 is divided by 8?
6
Calculate the remainder when 13803 is divided by 76.
47
Calculate the remainder when 1261 is divided by 313.
9
What is the remainder when 38174 is divided by 85?
9
What is the remainder when 287 is divided by 157?
130
What is the remainder when 57313 is divided by 246?
241
Calculate the remainder when 9259 is divided by 331.
322
Calculate the remainder when 7461 is divided by 7452.
9
What is the remainder when 3532 is divided by 285?
112
What is the remainder when 17474 is divided by 197?
138
Calculate the remainder when 42274 is divided by 156.
154
Calculate the remainder when 2233195 is divided by 1200.
1195
Calculate the remainder when 50205 is divided by 16729.
18
Calculate the remainder when 5684 is divided by 511.
63
Calculate the remainder when 9386 is divided by 9386.
0
Calculate the remainder when 5349958 is divided by 193.
191
What is the remainder when 1655 is divided by 1631?
24
Calculate the remainder when 14206 is divided by 14186.
20
Calculate the remainder when 61693 is divided by 67.
53
Calculate the remainder when 16656 is divided by 16503.
153
Calculate the remainder when 2835 is divided by 352.
19
Calculate the remainder when 1468179 is divided by 20.
19
What is the remainder when 2163285 is divided by 46?
43
Calculate the remainder when 11747 is divided by 913.
791
Calculate the remainder when 443858 is divided by 27741.
2
What is the remainder when 15895 is divided by 30?
25
Calculate the remainder when 17821 is divided by 101.
45
Calculate the remainder when 58619 is divided by 931.
897
What is the remainder when 3786 is divided by 72?
42
Calculate the remainder when 56764 is divided by 33.
4
What is the remainder when 276493 is divided by 480?
13
What is the remainder when 4381 is divided by 244?
233
What is the remainder when 438 is divided by 230?
208
What is the remainder when 4362 is divided by 1449?
15
Calculate the remainder when 22649 is divided by 781.
0
Calculate the remainder when 24468 is divided by 699.
3
What is the remainder when 140678 is divided by 20?
18
What is the remainder when 17406 is divided by 451?
268
Calculate the remainder when 21267 is divided by 10387.
493
Calculate the remainder when 706925 is divided by 272.
269
Calculate the remainder when 1605 is divided by 77.
65
What is the remainder when 2721 is divided by 134?
41
Calculate the remainder when 20855 is divided by 949.
926
What is the remainder when 73411 is divided by 161?
156
Calculate the remainder when 247887 is divided by 136.
95
What is the remainder when 205503 is divided by 126?
123
What is the remainder when 2364 is divided by 759?
87
Calculate the remainder when 326520 is divided by 164.
160
What is the remainder when 23366 is divided by 20?
6
Calculate the remainder when 344 is divided by 316.
28
What is 